 - 412 = -4*m, -d - 5*m + 115 = 0. List the prime factors of d.
2, 5
Suppose -4*j + m = -8, 3*j + 1 = -2*m + 7. Suppose -j*c = 3*c - 65. What are the prime factors of c?
13
Let o(p) = -5*p**2 + p. Let k be o(-1). Let v(h) be the first derivative of h**4/4 + 2*h**3 - 7*h**2 - 3*h + 15. What are the prime factors of v(k)?
3
Let k = 2154 + 1753. What are the prime factors of k?
3907
Let f(k) = -4*k - 12. Let s(z) = -z**3 - 14*z**2 + 16*z + 10. Let b be s(-15). Let o be f(b). Suppose -4*q + 28 + o = 0. List the prime factors of q.
3
Let t be 1*(-6)/14 - (-3256)/(-14). Let v = -155 - t. List the prime factors of v.
2, 3, 13
Let z be (-4)/(3/2 - (-7)/(-2)). Suppose 0*g - 88 = -z*g. What are the prime factors of g?
2, 11
What are the prime factors of -213*((-132)/(-18) - 8)?
2, 71
Let o(f) be the second derivative of 15/2*f**2 + 1/6*f**3 - 4*f + 0. What are the prime factors of o(0)?
3, 5
Let j be (-50)/(-4)*((-108)/15 + 4). Let d = j + 140. What are the prime factors of d?
2, 5
Let d(m) = -2 + 59*m + 12*m - 2 - m. What are the prime factors of d(2)?
2, 17
Let u = -68 - -86. Let m be (-5)/((-26)/24 + 1). Suppose -m + u = -2*c. List the prime factors of c.
3, 7
Suppose -1003 = -2*b + 1269. List the prime factors of b.
2, 71
Let z(i) = 2*i**3 - 13*i**2 - 13*i + 12. Let l be z(8). Suppose 0 = -3*y + 2*m + 124, 2*y - l = -m - 2*m. What are the prime factors of y?
2, 11
Let a be (-8)/(-3)*6/8. Suppose -2*z = -5*x - a - 5, -4*z - 2*x + 2 = 0. Suppose -y + 3*n - 4 = 0, 15 = y + n - z. List the prime factors of y.
11
Let s = 106 - 91. List the prime factors of s.
3, 5
Let t be 82/(-3)*(-2 + -1). Let y = 64 + t. List the prime factors of y.
2, 73
Let q(t) = -29*t**3 - t**2 + 1. Let y(d) = -d**3 - d**2 + d - 1. Let j be 0*4*4/16. Let x be y(j). List the prime factors of q(x).
29
Suppose -q - 4 = 0, 3*p - 5*q = -0*q + 23. Let u be (1179 + -14)*(-1 - p). List the prime factors of 3/7 - u/35.
67
Let d be (-60)/(-9)*(18/(-12))/(-1). Let z = -221 - -461. Suppose d*x - z = 2*x. What are the prime factors of x?
2, 3, 5
List the prime factors of (-14042)/(-42) + (1 - (-14)/(-6)).
3, 37
Suppose -5*n = -22 + 2. Suppose -19 = 5*h - n*x + 12, 3*h = 2*x - 17. What are the prime factors of (-40)/h*6/4?
2, 5
Let l(a) = 58*a + 44. What are the prime factors of l(8)?
2, 127
What are the prime factors of (-1 + -3363)*10/(-40)?
29
Suppose 2*v + 4 = 4*v. Suppose -2*n - 4*a + 70 = 24, 4*n + v*a - 104 = 0. List the prime factors of n.
3
Suppose -230 = -3*w + 1. What are the prime factors of w?
7, 11
Let c(n) = -n - 1. Let o(i) = -6*i - 35. Let j(q) = 5*c(q) - o(q). What are the prime factors of j(-12)?
2, 3
Suppose 8*h - 3*f - 4413 = 0, -2212 = -2*h - 2*h - 4*f. What are the prime factors of h?
2, 3, 23
Let q(x) = 2*x - 2 + 24*x - 6*x. Suppose 0 = 11*k - 3*k - 8. What are the prime factors of q(k)?
2, 3
Suppose 0 = -t - 2*t + 9. Suppose 8*c = t*c + 1020. What are the prime factors of c?
2, 3, 17
Let z be 23/4*(4 + 0). Suppose z = 5*w - 182. Let k = -24 + w. List the prime factors of k.
17
Let a(k) = -10*k. Suppose 0 = 7*i - 6*i - 5. Suppose i*c + 30 = -5*n, 3*c + 18 = -5*n - 6. List the prime factors of a(n).
2, 3, 5
Let j(d) = d**3 - 22*d**2 + 46*d + 78. List the prime factors of j(26).
2, 3, 13, 17
Let h = -231 + 1788. What are the prime factors of h?
3, 173
Suppose 0 = 7*v - 10*v - 402. Let c = 206 + v. List the prime factors of c.
2, 3
Let b be (30/35)/((-3)/(-21)). Let x be 93/b*-2 - 2. Let s = -23 - x. What are the prime factors of s?
2, 5
List the prime factors of -1*(-13)/(156/9876).
823
Let b(d) = -d**3 - 3*d - 2*d**2 + 6*d**2 - 9*d + 8*d**2 + 4. List the prime factors of b(10).
2, 3, 7
Suppose 0 = 4*z + z. Let n be (-1)/((-3)/(-6) - z). Let m(q) = -q**3 - 2*q**2 - 3*q - 2. List the prime factors of m(n).
2
Suppose -2*o = -8, -2*v + 4*v = -2*o - 396. Let z(a) = 6*a + 15. Let n be z(-3). List the prime factors of v/n + (-14)/(-21).
2, 17
Suppose -9*f - 2538 = -36*f. What are the prime factors of f?
2, 47
Let c be 1 + ((-6)/(-2))/3. Let l = -26 + 27. List the prime factors of c/(l + 8/(-12)).
2, 3
Let w(r) = 3*r**3 + 3*r**2 + r - 3. Let o be (-10)/5*(-3)/2. What are the prime factors of w(o)?
2, 3
Let t(b) = b**3 - 7*b + 10 - 6 - b**2 + 1. Let u(p) = -p**3 - p**2 - p + 4. Let v be u(0). What are the prime factors of t(v)?
5
Let c(d) = d**3 - 7*d**2 + 9*d - 9. Let p be c(6). Suppose -2*l = -13 - p. Suppose w - 20 = l. What are the prime factors of w?
31
Let r(a) = 13*a - 3 - 8*a**2 - 2 - 3*a + a**3. Let s be -2 - (-1 + 1 - 9). List the prime factors of r(s).
2
Suppose 2*j + 30 = 4*k, j - 55 = -6*k + k. Let z be (k + -6)*(-2)/4. Let q = z + 4. What are the prime factors of q?
2
What are the prime factors of 3/(-1)*1*-1 + 392?
5, 79
Let z(w) = -8*w**2 - 6*w - 8. Let o(q) = -7*q**2 - 6*q - 8. Let p(b) = -7*o(b) + 6*z(b). List the prime factors of p(-9).
5, 7
Suppose -2*s - 4*f = -430, 4*f = -4*s + s + 635. Suppose 3*j + s = 8*j. List the prime factors of j.
41
Let g(r) be the second derivative of -1/6*r**4 - 13/2*r**2 + 10*r + 5*r**3 + 0. List the prime factors of g(14).
3, 5
Suppose 0 = 4*y + 16 - 48. Let k be y - (-1 + 0)*-2. Suppose 3*d - 6 = -3*a - d, k = 3*a - d. List the prime factors of a.
2
Let x(b) = -3*b - 1. Suppose 4*p = 2*d + 16 - 2, -3*p + 28 = -5*d. What are the prime factors of x(d)?
2, 7
Let w be (-8)/(-28) - 4/14. Suppose 0 = 5*q + 3*j - 174 - 111, 5*j = w. List the prime factors of q.
3, 19
Suppose -284 = -3*a - 104. List the prime factors of a.
2, 3, 5
Let i(q) = -2*q**3 - q**2 - q + 2. Let f be i(-2). Let k = f + -14. Suppose 8*s - 3*s = 3*o + 7, 4*o - k*s - 14 = 0. List the prime factors of o.
2, 3
Suppose 2*b + 2*r = 580 + 158, 2*b = 3*r + 753. Suppose 4*d - b = d. What are the prime factors of d?
2, 31
Let f(c) = 9*c**3 - 19*c**2 + 16*c - 16. List the prime factors of f(6).
2, 5, 67
Let h(y) = -y**2 - y + 2. Let k be h(0). Suppose -m + 4*l - k*l + 51 = 0, -2*l = -4. What are the prime factors of m?
5, 11
Suppose -3*n = -5*d + 15356, -2*n - 9213 = 6*d - 9*d. What are the prime factors of d?
7, 439
Let g(w) = w**3 + w**2 - 1. Let l(k) = -5*k**2 - 2*k + 1. Let q(p) = -4*g(p) - l(p). Suppose -25 = -3*x - 31. List the prime factors of q(x).
5, 7
Suppose 5*j = -4*k + 87, 5*k + 3*j = 2*k + 69. What are the prime factors of k?
2, 7
Suppose 10*n - 6*n + 8 = 0. What are the prime factors of (376/(-24))/(n/6)?
47
Suppose -2*b + 67 = -b + 2*u, 3*b = -4*u + 203. Let q = b + 22. List the prime factors of q.
7, 13
Let q = 1008 - 687. Suppose -94*z + 91*z + q = 0. What are the prime factors of z?
107
Let w = 7 + -7. Suppose -4*b - 3*r = -3*b - 5, b + 4*r - 8 = w. What are the prime factors of b/(-2)*10/5?
2
Suppose 5*d - 8 = 4*d. Let i be 385/4 - d/32. Suppose -2*k + 6*k = i. List the prime factors of k.
2, 3
Suppose 41140 = 31*o - 9*o. What are the prime factors of o?
2, 5, 11, 17
Suppose -q = -y + 3, -6*q - 2*y = -2*q - 12. What are the prime factors of -2 + (768*q)/6?
2, 3, 7
Suppose -149 = -a + 3*r, 4*r - 1 = -17. List the prime factors of a.
137
Let x(j) = 2*j**2 + 75*j + 21. List the prime factors of x(-40).
13, 17
Let m = 2890 - 2543. List the prime factors of m.
347
Suppose 10*h - 24 = 4*h. Let w be (-1)/2 - 93/(-6). Let v = w - h. What are the prime factors of v?
11
Let u(b) = -43*b - 50. Let n be u(-18). What are the prime factors of (-1)/((-3 - n/(-364)) + 1)?
7, 13
Let r be (-4)/(-12) - (-64)/6. Suppose t - 6*t = 2*a - 136, 4*a - 76 = -3*t. Let b = t - r. List the prime factors of b.
17
Let u(y) = y**3 - 5*y**2 + 2*y - 6. Let d(q) = 2*q - 8 - 10*q + 3 - 2 - q**2. Let v be d(-6). What are the prime factors of u(v)?
2
Let r(p) = -3*p - 5. Let h(g) = -3*g - 6. Let v(a) = -5*h(a) + 4*r(a). What are the prime factors of v(8)?
2, 17
Suppose -u + 23 = w + 7, -3*u - w = -52. List the prime factors of u.
2, 3
Let p(j) = -j + 2. Let f be p(0). Suppose f*u - 192 = -u. List the prime factors of u.
2
Let v = 0 + 21. Let o = v + -16. Suppose -o*c + 57 = -103. What are the prime factors of c?
2
Let q = -36 + 2561. What are the prime factors of q?
5, 101
Let u(h) = -h**2 + 22*h + 27. Let b be u(23). Suppose -j - 444 = -3*g - 4*j, 4*j = b. List the prime factors of g.
3, 7
Let u(i) = i**3 - 8*i**2 + 6*i + 9. Let o be u(7). What are the prime factors of 4/8 + 125/o?
3, 7
